n 415474 is divided by 207635.
204
What is the remainder when 881683 is divided by 6435?
88
What is the remainder when 218984 is divided by 31265?
129
Calculate the remainder when 83037016 is divided by 7.
6
Calculate the remainder when 12474554 is divided by 75.
29
Calculate the remainder when 3064546 is divided by 3064545.
1
What is the remainder when 11497944 is divided by 306?
300
Calculate the remainder when 588987 is divided by 294486.
15
What is the remainder when 3833123 is divided by 625?
623
Calculate the remainder when 2095679 is divided by 160.
159
Calculate the remainder when 22759 is divided by 533.
373
Calculate the remainder when 4630531 is divided by 92604.
331
Calculate the remainder when 25604021 is divided by 25604015.
6
What is the remainder when 9537706 is divided by 1222?
1218
Calculate the remainder when 1608 is divided by 725.
158
Calculate the remainder when 1057050 is divided by 729.
0
Calculate the remainder when 240924 is divided by 43.
38
Calculate the remainder when 21329178 is divided by 469.
465
What is the remainder when 515827 is divided by 5322?
4915
Calculate the remainder when 1590124 is divided by 31.
10
What is the remainder when 313159 is divided by 77142?
4591
What is the remainder when 4201133 is divided by 278?
275
What is the remainder when 2762568 is divided by 25?
18
Calculate the remainder when 332656281 is divided by 1733.
1732
What is the remainder when 300069 is divided by 57642?
11859
Calculate the remainder when 6444516 is divided by 5570.
26
What is the remainder when 71090 is divided by 10105?
355
What is the remainder when 521500 is divided by 177?
58
What is the remainder when 276411 is divided by 2047?
66
What is the remainder when 6007186 is divided by 2002208?
562
What is the remainder when 161620740 is divided by 29?
28
What is the remainder when 8179154 is divided by 32?
18
Calculate the remainder when 310867 is divided by 23905.
102
Calculate the remainder when 2521 is divided by 585.
181
Calculate the remainder when 4215470 is divided by 234.
194
What is the remainder when 167182 is divided by 173?
64
Calculate the remainder when 330732 is divided by 619.
186
What is the remainder when 39439 is divided by 5029?
4236
Calculate the remainder when 562679 is divided by 1599.
1430
Calculate the remainder when 36786 is divided by 26.
22
What is the remainder when 869128 is divided by 37785?
73
Calculate the remainder when 56188 is divided by 28087.
14
Calculate the remainder when 7441065 is divided by 845.
840
Calculate the remainder when 1631537 is divided by 6524.
537
What is the remainder when 70989 is divided by 1470?
429
Calculate the remainder when 370468 is divided by 593.
436
Calculate the remainder when 2814137 is divided by 474.
473
What is the remainder when 3230367 is divided by 140440?
247
What is the remainder when 25525948 is divided by 4398?
4354
Calculate the remainder when 375280 is divided by 122777.
6949
What is the remainder when 747755 is divided by 99?
8
Calculate the remainder when 3941078 is divided by 286.
284
Calculate the remainder when 1963370 is divided by 5896.
2
Calculate the remainder when 1768933 is divided by 173.
8
Calculate the remainder when 1228909 is divided by 8417.
27
Calculate the remainder when 293438 is divided by 159.
83
What is the remainder when 54725541 is divided by 313?
308
Calculate the remainder when 3281464 is divided by 432.
424
Calculate the remainder when 59840 is divided by 5214.
2486
Calculate the remainder when 7582508 is divided by 3367.
24
Calculate the remainder when 40470 is divided by 9263.
3418
What is the remainder when 12179009 is divided by 347971?
24
What is the remainder when 1092 is divided by 353?
33
What is the remainder when 5304 is divided by 2242?
820
What is the remainder when 422435 is divided by 140770?
125
Calculate the remainder when 1327224 is divided by 65.
54
What is the remainder when 4863325 is divided by 1621017?
274
Calculate the remainder when 21146854 is divided by 6545.
6504
Calculate the remainder when 151084 is divided by 1994.
1534
What is the remainder when 7599908 is divided by 18269?
4
Calculate the remainder when 190804 is divided by 1645.
1629
Calculate the remainder when 149006 is divided by 1036.
858
Calculate the remainder when 873235 is divided by 114.
109
Calculate the remainder when 1072124 is divided by 9238.
516
What is the remainder when 1052612 is divided by 327?
326
What is the remainder when 49345943 is divided by 915?
908
What is the remainder when 1065893 is divided by 380?
373
Calculate the remainder when 1948661 is divided by 81.
44
Calculate the remainder when 22861 is divided by 22848.
13
Calculate the remainder when 3691725 is divided by 372.
369
What is the remainder when 3405852 is divided by 75?
27
Calculate the remainder when 4606465 is divided by 2436.
2425
What is the remainder when 840878 is divided by 124?
34
What is the remainder when 488238 is divided by 121913?
586
What is the remainder when 6253525 is divided by 362?
337
What is the remainder when 50535451 is divided by 1861?
1857
Calculate the remainder when 5587 is divided by 1746.
349
What is the remainder when 307771052 is divided by 48?
44
Calculate the remainder when 735443147 is divided by 245147713.
8
Calculate the remainder when 3813077 is divided by 102.
11
What is the remainder when 374514 is divided by 1463?
1449
What is the remainder when 4410291 is divided by 868?
851
What is the remainder when 13676 is divided by 1273?
946
What is the remainder when 8604547 is divided by 242?
237
What is the remainder when 7421725 is divided by 353414?
31
Calculate the remainder when 18043 is divided by 1032.
499
Calculate the remainder when 667344 is divided by 35112.
216
Calculate the remainder when 87007439 is divided by 240352.
15
What is the remainder when 1327117 is divided by 24568?
445
Calculate the remainder when 408499 is divided by 986.
295
Calculate the remainder when 21426 is divided by 7142.
0
What is the remainder when 982325 is divided by 1062?
1037
What is the remainder when 303357 is divided by 75664?
701
Calculate the remainder when 69579912 is divided by 23193293.
33
Calculate the remainder when 21097 is divided by 2629.
65
Calculate the remainder when 4575661 is divided by 1726.
35
What is the remainder when 78705892 is divided by 434?
426
Calculate the remainder when 1857216 is divided by 13.
10
What is the remainder when 587751 is divided by 293867?
17
What is the remainder when 11252934 is divided by 662?
258
What is the remainder when 3905579 is divided by 46?
41
Calculate the remainder when 2203990 is divided by 314767.
621
Calculate the remainder when 19171 is divided by 6066.
973
Calculate the remainder when 96837 is divided by 13824.
69
Calculate the remainder when 41268 is divided by 764.
12
What is the remainder when 33560781 is divided by 8390194?
5
What is the remainder when 1891074 is divided by 630331?
81
What is the remainder when 6439886 is divided by 165125?
11
What is the remainder when 106628 is divided by 1124?
972
Calculate the remainder when 56228612 is divided by 2681.
2680
What is the remainder when 65198214 is divided by 21732731?
21
What is the remainder when 2781920 is divided by 3622?
224
Calculate the remainder when 10142599 is divided by 13.
12
What is the remainder when 1073147 is divided by 458?
53
What is the remainder when 2014491 is divided by 8?
3
Calculate the remainder when 2815199 is divided by 324.
287
What is the remainder when 332573788 is divided by 2957?
2955
Calculate the remainder when 536331 is divided by 5060.
5031
Calculate the remainder when 162839066 is divided by 521.
516
Calculate the remainder when 7836534 is divided by 996.
6
Calculate the remainder when 1669258 is divided by 277865.
2068
Calculate the remainder when 1293566 is divided by 33168.
14
What is the remainder when 2190104 is divided by 589?
202
What is the remainder when 1541019 is divided by 79?
45
What is the remainder when 1110982 is divided by 185150?
82
Calculate the remainder when 2473597 is divided by 103047.
469
What is the remainder when 13143789 is divided by 127?
51
What is the remainder when 301750 is divided by 801?
574
What is the remainder when 2277546 is